
Is 10 a factor of 113446446?
False
Is 34 a factor of 129015393?
False
Does 11 divide 38555517?
True
Is 123809028 a multiple of 1662?
True
Does 12 divide 2380451808?
True
Is 950454129 a multiple of 3670?
False
Is 18 a factor of 2192845?
False
Does 66 divide 79779754?
False
Is 537 a factor of 4659012?
True
Is 102281363 a multiple of 243?
False
Is 110214501 a multiple of 599?
False
Is 75 a factor of 12399731?
False
Is 1648 a factor of 16388010?
False
Does 1957 divide 211304?
False
Is 59 a factor of 10723944?
False
Is 148 a factor of 4864752896?
True
Does 1073 divide 53430035?
True
Does 126 divide 29705243?
False
Is 8979206 a multiple of 134?
True
Is 7025913 a multiple of 28?
False
Does 37 divide 496542365?
False
Is 19 a factor of 11894184?
False
Does 168 divide 249023040?
True
Is 36762246 a multiple of 112?
False
Is 29 a factor of 36394899?
False
Is 5596 a factor of 215681677?
False
Does 151 divide 157936217?
False
Is 360882744 a multiple of 24?
True
Does 964 divide 387759014?
False
Is 3 a factor of 47904641?
False
Does 122 divide 309422622?
True
Is 27 a factor of 18051957?
True
Does 134 divide 57159973?
False
Does 46 divide 2644680714?
True
Is 37 a factor of 54155605?
True
Does 60 divide 2547068?
False
Is 13 a factor of 276573388?
True
Is 162470434 a multiple of 1631?
True
Is 17257656 a multiple of 13?
True
Is 392 a factor of 26088270?
False
Is 2023 a factor of 33391638?
True
Is 27 a factor of 965067562?
False
Does 419 divide 397818892?
False
Is 17 a factor of 16674535?
True
Does 1073 divide 1131224355?
False
Does 271 divide 54156098?
True
Is 888867 a multiple of 7?
True
Is 21 a factor of 3637844?
False
Is 44943299 a multiple of 767?
False
Is 23 a factor of 3964234?
True
Is 111280375 a multiple of 197?
True
Does 195 divide 6213870?
True
Is 129 a factor of 77632200?
True
Is 27613699 a multiple of 92?
False
Does 378 divide 76692124?
False
Is 1238754 a multiple of 673?
False
Is 902 a factor of 28360302?
False
Is 2 a factor of 6516917?
False
Is 13150515 a multiple of 15?
True
Is 10544919 a multiple of 17?
False
Is 333281128 a multiple of 1558?
True
Is 511 a factor of 3727960642?
True
Is 95447214 a multiple of 173?
True
Is 344553360 a multiple of 13?
False
Is 39 a factor of 1909203?
False
Is 3274315 a multiple of 1609?
True
Is 14 a factor of 2717393309?
False
Does 17 divide 395622016?
False
Is 20116488 a multiple of 21?
True
Is 46484358 a multiple of 226?
True
Does 2 divide 5089503?
False
Does 779 divide 7863051?
False
Is 443976975 a multiple of 2925?
True
Does 461 divide 37862852?
True
Is 1847 a factor of 62447571?
False
Is 1463045021 a multiple of 99?
False
Does 4484 divide 1128673966?
False
Does 36 divide 101517804?
True
Does 7131 divide 466483488?
False
Is 1166683 even?
False
Is 116365496 a multiple of 1391?
True
Does 282 divide 38192952?
True
Does 225 divide 15600825?
True
Is 4706481015 a multiple of 45?
True
Does 139 divide 281944681?
True
Is 577 a factor of 27165160?
True
Does 10 divide 632524139?
False
Is 847132638 a multiple of 659?
True
Is 4 a factor of 53683880?
True
Is 30692762 a multiple of 2?
True
Is 275 a factor of 4512200?
True
Is 40267852 a multiple of 12?
False
Is 9 a factor of 3299163?
False
Is 5 a factor of 546196335?
True
Does 12 divide 2577348?
True
Is 1029 a factor of 200080977?
False
Is 10 a factor of 297608460?
True
Is 655 a factor of 72959871?
False
Does 4 divide 15918560?
True
Is 17065419 a multiple of 3?
True
Does 399 divide 353991338?
False
Does 1266 divide 24784482?
True
Does 1196 divide 127623964?
True
Is 22962413 a multiple of 345?
False
Is 61 a factor of 1257042045?
False
Is 105 a factor of 59664585?
False
Is 1199481506 a multiple of 179?
True
Is 998979809 a multiple of 12?
False
Is 168 a factor of 372050280?
True
Is 29764800 a multiple of 208?
True
Is 842475546 a multiple of 2746?
True
Does 2 divide 6964031?
False
Does 14 divide 272483121?
False
Does 407 divide 57141719?
False
Is 72784052 a multiple of 1807?
False
Is 28001499 a multiple of 17?
True
Is 22850705 a multiple of 43?
False
Is 187925304 a multiple of 492?
True
Is 5201428 a multiple of 31?
True
Is 29 a factor of 967087072?
False
Does 116 divide 1573076?
True
Does 2648 divide 34365730?
False
Does 67 divide 87366821?
False
Is 897 a factor of 146208130?
False
Is 4 a factor of 233028816?
True
Is 1096 a factor of 858761684?
False
Is 4 a factor of 8777833?
False
Is 4819 a factor of 308282920?
False
Does 53 divide 368798380?
True
Does 335 divide 24756853?
False
Does 255 divide 128863880?
False
Does 295 divide 175658060?
False
Does 22 divide 16674056?
False
Does 61 divide 123617490?
False
Is 181 a factor of 6929223?
True
Is 16 a factor of 15842231?
False
Is 211 a factor of 49474436?
True
Does 8 divide 54750396?
False
Is 2650 a factor of 26608650?
True
Is 351 a factor of 74559420?
True
Is 911149200 a multiple of 1200?
True
Does 2 divide 50071343?
False
Is 41 a factor of 19170731?
False
Does 264 divide 831503376?
True
Is 38 a factor of 3481995634?
False
Is 57 a factor of 4493538?
True
Is 612 a factor of 156883537?
False
Does 273 divide 1779039717?
True
Is 180 a factor of 20194600?
False
Does 252 divide 15237447?
False
Is 2232 a factor of 1457194680?
True
Does 18 divide 132887987?
False
Does 2146 divide 1177055248?
True
Does 11 divide 82216927?
False
Does 3875 divide 2990950729?
False
Does 14 divide 6185652270?
True
Is 76716955 a multiple of 7?
True
Is 1954304 a multiple of 43?
False
Is 3 a factor of 31864755?
True
Is 1564 a factor of 30904690?
False
Is 610 a factor of 1014824479?
False
Is 1459119080 a multiple of 19?
False
Is 3120032 a multiple of 369?
False
Is 2409957399 a multiple of 57?
False
Does 13 divide 276198247?
True
Is 94415958 a multiple of 819?
True
Is 7 a factor of 662415?
False
Is 1352742274 a multiple of 533?
True
Is 12 a factor of 45023592?
True
Is 131 a factor of 532736713?
False
Is 39 a factor of 1209145743?
True
Is 42 a factor of 3974188?
False
Is 7291298 a multiple of 29?
False
Is 2144785669 a multiple of 1331?
False
Is 3060 a factor of 138587400?
True
Is 9 a factor of 17570181?
False
Is 757321313 a multiple of 61?
False
Does 3946 divide 698491262?
False
Is 2338 a factor of 4285554?
True
Does 6 divide 571457862?
True
Does 473 divide 78061555?
True
Is 20 a factor of 16326445?
False
Does 4034 divide 1868839021?
False
Does 11 divide 224282408?
False
Is 214510645 a multiple of 185?
True
Does 1319 divide 385075935?
False
Is 171945755 a multiple of 63?
False
Is 308983288 a multiple of 603?
False
Does 76 divide 49027372?
True
Does 3088 divide 550153229?
False
Does 84 divide 21232176?
True
Is 6 a factor of 165913877?
False
Does 517 divide 490199500?
False
Is 991068878 a multiple of 146?
True
Does 109 divide 20482113?
False
Is 14 a factor of 1094445478?
True
Is 438 a factor of 16355434?
False
Is 27631568 a multiple of 3620?
False
Is 17 a factor of 11770375?
True
Is 95988456 a multiple of 54?
True
Is 341 a factor of 429860508?
True
Is 63 a factor of 116653635?
True
Does 44 divide 204009?
False
Is 64 a factor of 9136256?
True
Is 25 a factor of 966971558?
False
Does 3 divide 90948951?
True
Is 774 a factor of 135869200?
False
Is 518 a factor of 15144248?
True
Is 87 a factor of 92406760?
False
Is 320968 a multiple of 6?
False
Is 2175195542 a multiple of 13?
True
Is 157478555 a multiple of 800?
False
Is 1964322624 a multiple of 51?
False
Is 154 a factor of 170143574?
False
Is 13919475 a multiple of 17?
False
Does 284 divide 240054408?
True
Does 19 divide 1119796958?
True
Is 882 a factor of 3213298?
False
Is 50673218 a multiple of 4023?
False
Is 13842492 a multiple of 1403?
False
Does 3 divide 19368978?
True
Does 271 divide 123004255?
False
Is 4086327108 a multiple of 12?
True
Is 68383416 a multiple of 4?
True
Does 11 divide 2977650742?
True
Does 22 divide 2781064?
True
Is 4170 a factor of 186832680?
True
Is 77086475 a multiple of 384?
False
Does 15 divide 108927753?
False
Is 1262627553 a multiple of 33?
True
Is 14 a factor of 240737167?
False
Is 520665644 a multiple of 278?
True
Is 31656285 a multiple of 15?
True
Does 52 divide 801522124?
True
Is 113 a factor of 16804230?
True
Is 16 a factor of 6139744?
True
Does 306 divide 38982276?
False
Does 1510 divide 40889290?
True
Is 2124378 a multiple of 1728?
False
Is 383 a factor of 65771441?
True
Does 21 divide 2